e 12) in base 11?
175
Convert -c85 (base 13) to base 9.
-2834
3c3 (base 14) to base 9
1033
Convert -11477 (base 9) to base 15.
-2424
Convert 210402 (base 8) to base 15.
15a95
-1125 (base 14) to base 7
-11445
Convert 10962 (base 11) to base 9.
23603
Convert -46 (base 16) to base 5.
-240
What is 2032 (base 6) in base 15?
202
What is -432023 (base 6) in base 15?
-a779
Convert -c7b (base 15) to base 14.
-1052
Convert -1000110011011 (base 2) to base 11.
-3428
311 (base 9) to base 5
2003
What is -431 (base 7) in base 12?
-162
313331 (base 4) to base 6
24325
76a1 (base 11) to base 2
10011110101010
What is -45 (base 6) in base 7?
-41
741 (base 15) to base 10
1636
-b34e (base 16) to base 9
-68862
Convert -7337 (base 10) to base 3.
-101001202
-676 (base 8) to base 13
-284
Convert -22688 (base 9) to base 3.
-202202222
Convert 22b (base 16) to base 11.
465
What is 125535 (base 7) in base 13?
a980
-1137 (base 8) to base 7
-1525
12300 (base 7) to base 10
3234
-1816 (base 11) to base 3
-10011210
102 (base 6) to base 7
53
Convert 10248 (base 10) to base 6.
115240
What is 497 (base 10) in base 2?
111110001
What is -3ba1 (base 12) in base 15?
-2094
Convert 132305 (base 6) to base 10.
12209
What is -1101010111011 (base 2) in base 12?
-3b63
Convert b4a5 (base 15) to base 11.
2675a
-1022 (base 4) to base 3
-2202
Convert 3033003 (base 5) to base 8.
137750
What is 151c (base 16) in base 4?
1110130
What is 1076 (base 13) in base 4?
203312
-298b (base 14) to base 5
-214000
Convert 737e (base 15) to base 7.
131123
Convert 190 (base 12) to base 10.
252
Convert 1781 (base 12) to base 13.
139c
Convert -5030 (base 7) to base 9.
-2338
Convert -1100111001 (base 2) to base 14.
-42d
-320 (base 11) to base 7
-1060
-144 (base 15) to base 16
-121
Convert 957 (base 16) to base 9.
3246
Convert 1294a (base 12) to base 2.
110001111001010
What is -921 (base 11) in base 5?
-13422
Convert 7563 (base 8) to base 4.
331303
10000101 (base 4) to base 14
5d97
547 (base 10) to base 3
202021
What is -5388 (base 10) in base 9?
-7346
Convert 1111011 (base 2) to base 14.
8b
What is 9b (base 12) in base 5?
434
Convert -5642 (base 9) to base 4.
-1001021
What is a12 (base 12) in base 16?
5ae
-110231 (base 5) to base 12
-2260
21020012 (base 3) to base 12
3072
2312 (base 6) to base 3
202022
What is -122545 (base 7) in base 5?
-1210243
What is -543 (base 7) in base 12?
-1b0
3136 (base 8) to base 14
846
What is 6 (base 11) in base 16?
6
2537 (base 16) to base 13
444b
Convert 3a (base 13) to base 2.
110001
1424153 (base 6) to base 16
13d85
What is 273 (base 14) in base 7?
1303
What is -2116 (base 12) in base 13?
-1854
What is -23221 (base 4) in base 3?
-1000121
21131 (base 8) to base 2
10001001011001
Convert -12221121 (base 3) to base 15.
-1441
-1872 (base 15) to base 3
-21020122
-11011111000 (base 2) to base 12
-1048
-237 (base 14) to base 13
-27c
What is -322 (base 15) in base 5?
-10312
Convert -174 (base 11) to base 12.
-14a
Convert 10001111111101110 (base 2) to base 12.
367a6
Convert -320243 (base 5) to base 4.
-2213022
What is -10000111 (base 3) in base 13?
-1003
What is -3407 (base 16) in base 12?
-785b
11022 (base 8) to base 10
4626
Convert 7388 (base 11) to base 16.
2630
What is -12313 (base 4) in base 11?
-36a
Convert 3a0 (base 13) to base 5.
10022
7036 (base 11) to base 9
13745
What is -21 (base 3) in base 12?
-7
13d6 (base 16) to base 7
20543
Convert 2228 (base 15) to base 5.
212423
What is -1763 (base 9) in base 3?
-1212010
-361 (base 9) to base 3
-102001
2410 (base 6) to base 2
1001000110
Convert -2504 (base 10) to base 7.
-10205
What is -86 (base 13) in base 12?
-92
Convert 4042 (base 5) to base 7.
1344
-368 (base 14) to base 11
-569
What is 351 (base 10) in base 7?
1011
Convert -6ec (base 16) to base 10.
-1772
What is -735 (base 9) in base 12?
-41b
89b (base 14) to base 7
4654
-2a5 (base 13) to base 16
-1d9
What is 342230 (base 7) in base 6?
1145342
Convert 25 (base 15) to base 16.
23
Convert 10411 (base 8) to base 11.
3305
Convert -b83 (base 14) to base 6.
-14303
What is -100231003 (base 4) in base 16?
-10b43
What is -202022 (base 3) in base 14?
-2b2
What is 403235 (base 6) in base 14?
b86b
What is -21210033 (base 4) in base 12?
-1a813
What is -11110 (base 5) in base 16?
-30c
Convert 214202 (base 6) to base 8.
42572
-1473 (base 8) to base 4
-30323
140 (base 7) to base 5
302
What is -1142 (base 12) in base 5?
-30142
Convert -112fb (base 16) to base 15.
-15cd0
-127 (base 10) to base 14
-91
Convert 29e1 (base 15) to base 3.
110022211
-15e (base 16) to base 9
-428
538 (base 9) to base 8
670
Convert 1906 (base 12) to base 13.
14c1
What is -612 (base 10) in base 14?
-31a
-444143 (base 6) to base 3
-1220001100
Convert 27d (base 16) to base 2.
1001111101
Convert 3368 (base 13) to base 4.
1300100
What is 11e3 (base 15) in base 2?
111011100101
3956 (base 11) to base 2
1010000010111
What is 966 (base 11) in base 13?
6b4
47d (base 16) to base 8
2175
14506 (base 7) to base 6
30344
What is 120022210 (base 3) in base 15?
349c
Convert 200077 (base 8) to base 16.
1003f
Convert -22199 (base 10) to base 14.
-8139
What is -4474 (base 12) in base 11?
-5768
What is 10100011110111 (base 2) in base 16?
28f7
What is 43614 (base 7) in base 11?
8244
Convert -2002 (base 3) to base 10.
-56
What is 2174a (base 11) in base 9?
47205
e (base 16) to base 12
12
-1a6 (base 13) to base 5
-2210
Convert -1263 (base 13) to base 6.
-20040
Convert -1471 (base 12) to base 6.
-15021
Convert -41422 (base 5) to base 3.
-10202101
1378 (base 9) to base 6
4455
-8803 (base 10) to base 12
-5117
Convert 5c90 (base 13) to base 9.
20008
What is 1276 (base 10) in base 4?
103330
What is -173510 (base 8) in base 12?
-30774
Convert -110110 (base 3) to base 15.
-176
Convert 3210220 (base 4) to base 3.
202001221
Convert -825 (base 10) to base 8.
-1471
270 (base 11) to base 10
319
What is 2422 (base 5) in base 12?
262
Convert -5891 (base 10) to base 11.
-4476
201 (base 5) to base 6
123
What is 412110 (base 5) in base 6?
142021
What is 5aaa (base 15) in base 16?
4b55
What is -cdd (base 16) in base 11?
-2524
Convert 363 (base 7) to base 16.
c0
Convert -4e43 (base 15) to base 11.
-11614
Convert -4331 (base 9) to base 4.
-301303
Convert -111454 (base 6) to base 3.
-110222121
-59ac (base 14) to base 9
-23403
-6977 (base 12) to base 6
-130231
Convert 5384 (base 10) to base 4.
1110020
-4659 (base 11) to base 3
-22101110
What is -287 (base 12) in base 11?
-326
423 (base 11) to base 8
775
110111001111 (base 2) to base 10
3535
What is -100100100 (base 2) in base 12?
-204
What is 22c7 (base 14) in base 13?
29aa
What is -2100b (base 13) in base 5?
-3344310
-21332100 (base 4) to base 2
-1001111110010000
What is e7d7 (base 15) in base 2?
1011111110000011
1012203 (base 5) to base 8
40251
What is -232333 (base 6) in base 13?
-9147
What is -661 (base 7) in base 10?
-337
1147 (base 14) to base 4
232323
-10101111100 (base 2) to base 6
-10300
Convert 1122 (base 7) to base 16.
198
Convert 277a (base 13) to base 9.
7708
Convert -10012120 (base 3) to base 6.
-14453
What is -363 (base 11) in base 10?
-432
What is 22635 (base 10) in base 9?
34040
What is -102043 (base 5) in base 11?
-260a
Convert 625 (base 12) to base 4.
31331
Convert 2364 (base 7) to base 5.
12004
-5385 (base 10) to base 6
-40533
Convert -363 (base 8) to base 4.
-3303
199 (base 12) to base 4
10011
What is 11c (base 14) in base 6?
1010
Convert -2332 (base 6) to base 7.
-1430
What is -11101010 (base 2) in base 14?
-12a
395 (base 11) to base 13
29c
Convert 7857 (base 10) to base 16.
1eb1
-2a7 (base 12) to base 6
-1531
What is 2e27 (base 15) in base 13?
46a5
350 (base 12) to base 14
272
What is 2120 (base 3) in base 13?
54
-68b5 (base 13) to base 15
-453c
-111011011011011 (base 2) to base 15
-9037
What is -32301 (base 5) in base 2?
-100010011001
Convert 548 (base 13) to base 16.
389
What is -10101010101 (base 2) in base 3?
-1212120
Convert -111111 (base 3) to base 7.
-1030
10313 (base 5) to base 9
866
-100101100011 (base 2) to base 9
-3260
Convert 17f2 (base 16) to base 13.
2a37
Convert 5b16 (base 12) to base 7.
41601
What is 100022201 (base 3) in base 15?
2031
Convert 434 (base 7) to base 11.
191
Convert 12220200 (base 4) to base 6.
325440
122 (base 15) to base 14
145
What is 14ee (base 16) in base 11?
4